{"id":248,"date":"2021-09-29T18:56:04","date_gmt":"2021-09-29T18:56:04","guid":{"rendered":"http:\/\/www.jetsetbar.fi\/?page_id=248"},"modified":"2021-09-29T19:01:32","modified_gmt":"2021-09-29T19:01:32","slug":"jetin-tarina-2","status":"publish","type":"page","link":"http:\/\/www.jetsetbar.fi\/index.php\/jetin-tarina-2\/","title":{"rendered":"Jetin tarina"},"content":{"rendered":"\n<p class=\"has-text-align-left has-headings-color has-text-color has-normal-font-size\">Ajatus uudenlaisen keskiolutbaarin perustamisesta&nbsp;Joensuuhun l\u00e4hti kahden nuoren miehen ja kaveruksen yhteisest\u00e4 halusta tehd\u00e4 jotain kivaa. Nuo kaverukset olivat Eero &#8221;Eki&#8221; Lintunen ja Mika \u201dV\u00e4nni&#8221; V\u00e4h\u00e4niitty. Elettiin vuoden 1990 syksy\u00e4. V\u00e4nni oli paluumuuttaja Helsingist\u00e4 ja sill\u00e4 hetkell\u00e4 vailla ty\u00f6t\u00e4. Ekill\u00e4 oli jotain ravintolabisneksi\u00e4 meneill\u00e4\u00e4n.<\/p>\n\n\n\n<p class=\"has-text-align-left has-headings-color has-text-color has-normal-font-size\">Baarin ty\u00f6nimi oli aluksi Anni &amp; V\u00e4nni. En muista, kuka tuon keksi tai mik\u00e4 nimen takana oli. Nimeksi baarille p\u00e4\u00e4tettiin kuitenkin antaa&nbsp; Jet Set Bar. Samaan aikaan TV:ss\u00e4 py\u00f6ri sarja nimelt\u00e4 China Beach, joka kertoi amerikkalaisista ensiapusotilaista Vietnamin sodassa. Rantabaarin nimi, jossa sotilaat k\u00e4viv\u00e4t rentoutumassa, oli Jet Set. T\u00e4ll\u00e4 saattoi olla jotain vaikutusta nimen syntyyn. Nimess\u00e4 oli my\u00f6s mukana sarkasmia, sill\u00e4 elettiin orastavan syv\u00e4n laman alkuaikaa. Monet olivatkin valmiita tuomitsemaan Jet Setin tarinan lyhytaikaiseksi. Baari avattiin 6.12.1990 klo 19.00 torstaina. Siit\u00e4 l\u00e4htien Jet Set on juhlinut ko. p\u00e4iv\u00e4n\u00e4 sek\u00e4 Suomen itsen\u00e4isyytt\u00e4 ett\u00e4 omia syntt\u00e4reit\u00e4.&nbsp;<\/p>\n\n\n\n<p class=\"has-text-align-left has-headings-color has-text-color has-normal-font-size\">Pian yst\u00e4vysten tiet kuitenkin erosivat ja V\u00e4nni j\u00e4i yksin yritt\u00e4j\u00e4ksi 1991 loppukes\u00e4st\u00e4. Usko omaan tekemiseen oli luja. Riskeist\u00e4 piittaamatta tai niist\u00e4 tiet\u00e4m\u00e4tt\u00e4 ty\u00f6 maistui. Se oli hauskaa, kiinnostavaa ja mielek\u00e4st\u00e4.&nbsp;<\/p>\n\n\n\n<p class=\"has-text-align-left has-headings-color has-text-color has-normal-font-size\">Ajatus urheilubaarista ei ollut alussa aivan kirkkaana mieless\u00e4. Ensin Jetiss\u00e4 ei ollut yht\u00e4\u00e4n TV:t\u00e4 eik\u00e4 peliautomaattia. Painopiste oli musiikissa ja ennen kaikkea suomalaisessa musiikissa. Jet Set olikin musiikin soitossa aikaansa edell\u00e4 ottamalla soittolistoilleen suomirockin ja finnhitsit. Ja niist\u00e4p\u00e4 kunnon bileet k\u00e4ynnistyiv\u00e4tkin. Jet Setin tavaramerkki oli musiikin soittaminen todella kovaa. Jopa naapurit olivat asiasta samaa mielt\u00e4. Musiikki on koko Jet Setin historian ollut eritt\u00e4in t\u00e4rke\u00e4 osa sen liikeideaa.<\/p>\n\n\n\n<p class=\"has-text-align-left has-headings-color has-text-color has-normal-font-size\">J\u00e4\u00e4kiekko oli tuolloin Joensuun selke\u00e4 ykk\u00f6slaji ja kiekkoilijat olivatkin tuohon aikaan kaupungissa isoja staroja. N\u00e4m\u00e4 starat alkoivat sitten viihtym\u00e4\u00e4n Jetiss\u00e4 kohtuullisen useasti. Heid\u00e4n mukanaan tuli muittenkin lajien edustajat ja n\u00e4iden urheilijoiden mukana heid\u00e4n kaverit ja fanit. Ajatus urheilubaarista alkoi selkeytym\u00e4\u00e4n. Vuosien varrella Jet Setin asiakkaina ovat olleet my\u00f6s useat suomalaisen urheilun kirkkaimmat t\u00e4hdet.<\/p>\n\n\n\n<p class=\"has-text-align-left has-headings-color has-text-color has-normal-font-size\">Vuoden 1992 vappu oli k\u00e4\u00e4nteentekev\u00e4 Jet Setin menestyksen kannalta. Suosio suorastaan r\u00e4j\u00e4hti k\u00e4siin. Jetin kalustus tanssittiin uuteen uskoon Nelj\u00e4n Ruusun (Juppihippipunkkari, Matka on syv\u00e4), J Karjalaisen (Avaruuden ikkuna, Telepatiaa), Popedan (M\u00e4\u00e4 ja Tapparan mies, Kersantti Karoliina) ja ZZ Topin (Viva Las Vegas) tahdissa. Vapun j\u00e4lkeen rikkin\u00e4iset p\u00f6yd\u00e4t ja tuolit raijattiin ulos ja oli ekan remontin paikka. Vappu -92 my\u00f6s lanseerasi Jet Setin p\u00f6yt\u00e4tanssit ja t\u00e4m\u00e4 hauskanpidon muoto jatkuu siell\u00e4 yh\u00e4.<\/p>\n\n\n\n<p class=\"has-text-align-left has-headings-color has-text-color has-normal-font-size\">Seuraava iso juttu oli jo oven takana: Suomi uusi j\u00e4\u00e4kiekon maailmanmestari, Den Glider In ja vuosi 1995. Ne oli hurjat juhlat: P\u00f6yd\u00e4t tanssittiin taas kumoon ja KAIKKI juomat loppuivat klo 23.00 ja baari oli suljettava kesken kovimman menon. Tosin kylm\u00e4kaappiin j\u00e4tettiin kahdeksan pulloa kes\u00e4olutta, jotka henkil\u00f6kunta nautti ansaitusti illan j\u00e4lkeen (rikos on jo vanhentunut). Ja taas oli remontin paikka. Nyt p\u00f6yd\u00e4t ja kalusteet suunniteltiin niin, ett\u00e4 en\u00e4\u00e4 niit\u00e4 ei ole sen j\u00e4lkeen juhlittu tuusan nuuskaksi, vaikka bileet ovat olleet miltei yht\u00e4 raikkaita kuin nuo -90 luvun alun legendaariset juhlat.<\/p>\n\n\n\n<p class=\"has-text-align-left has-headings-color has-text-color has-normal-font-size\">N\u00e4iden 90 &#8211; luvun bileitten my\u00f6t\u00e4 Jet Set saavutti valtavan suosion. Suosiota \u201dyhteisest\u00e4 olohuoneesta\u201d kasvatti kaikki se yhteinen tekeminen asiakkaiden kanssa: laskettelureissut, keih\u00e4skarnevaalit, risteilyt, katukoris- ja s\u00e4hlyturnaukset, kortti-illat ja lukemattomat muut tempaukset. Unohtaa ei my\u00f6sk\u00e4\u00e4n sovi Kerubin kanssa j\u00e4rjestettyj\u00e4 teemailtoja. T\u00e4m\u00e4 ja kaiken muun tekemisen my\u00f6t\u00e4 Jet Set sai vankan kanta-asiakas kunnan. Muodostui Jet Set yhteis\u00f6, joka yhdisti urheilijat, jupit, hipit, opiskelijat ja ihan tavalliset tallaajat.<\/p>\n\n\n\n<p class=\"has-text-align-left has-headings-color has-text-color has-normal-font-size\">1997 Jet Set oli taas suuren muutoksen edess\u00e4. Alkoholilain muutoksen my\u00f6t\u00e4 Jet Set sai t\u00e4ydet anniskeluoikeudet eli ns. A-oikeudet. Joku sanoikin, ett\u00e4 nyt Joensuu menetti parhaan keskikaljapaikkansa. Niin teki, mutta keskioluen lis\u00e4ksi myyntiin tuli kaikki alkoholit ja n\u00e4in palvelu parani entisest\u00e4\u00e4n. En\u00e4\u00e4 ei tarvinnut v\u00e4lill\u00e4 l\u00e4hte\u00e4 ter\u00e4ville Viehkan pubiin.<\/p>\n\n\n\n<p class=\"has-text-align-left has-headings-color has-text-color has-normal-font-size\">2000-luvulle tultaessa Jet Set oli vankistanut asemiaan paikkana, jonne tulivat viihtym\u00e4\u00e4n niin opiskelijat, ty\u00f6ss\u00e4k\u00e4yv\u00e4t kuin ty\u00f6tt\u00f6m\u00e4tkin.&nbsp; Samaan aikaan Joensuu on ollut my\u00f6s merkitt\u00e4v\u00e4 opiskelijakaupunki. Yliopisto, ammattikorkeakoulu, ammattikoulut ja lukuisat muut opinahjot tarkoittavat sit\u00e4, ett\u00e4 Joensuussa on jopa noin 20.000 opiskelijaa vuosittain. Opiskelijoista on tullutkin Jet Setille merkitt\u00e4v\u00e4 asiakasryhm\u00e4, johon my\u00f6s panostetaan samalla tavalla kuin urheiluun. Jet Setin menestyksen takaa l\u00f6ytyv\u00e4t niin loistavat asiakkaat kuin huippuhenkil\u00f6kunta, joista jokainen on sitoutunut ty\u00f6h\u00f6ns\u00e4. Yritt\u00e4j\u00e4ll\u00e4kin on saattanut olla jotain osuutta asiaan.&nbsp;&nbsp;<\/p>\n\n\n\n<p class=\"has-text-align-left has-headings-color has-text-color has-normal-font-size\">Vuosien varrella Jet Set on saanut paljon my\u00f6s julkisuutta valtakunnallisesti. Nelj\u00e4 Ruusua julkaisi vuonna 1992 albumin Haloo. Albumilta l\u00f6ytyy kappale Juppihippipunkkari, joka on yhtyeen suurin hitti. B\u00e4ndin keulakuva nuori joensuulainen Ilkka Alanko seilasi noina aikoina kahden baarin v\u00e4li\u00e4 saaden inspiraation Juppihippipunkkariin. Tarinan biisin synnyst\u00e4 Ilkka on kertonut julkisesti valtakunnan useissa eri&nbsp; medioissa lukuisia kertoja. Toinen n\u00e4ist\u00e4 baareista oli Jet Set ja toinen Kerubi. Ei nykyinen Kerubi vaan se, jonka Cyde Hyttinen kumppaneineen perusti \u201dKoskiskujalle\u201d toiseen kerrokseen 1990.&nbsp; Biisist\u00e4 tuli Jet Setiss\u00e4 niin iso hitti, ett\u00e4 kuuntelemiseen ei v\u00e4sytty lainkaan. Se jopa sanoitettiin baarin asiakkaiden toimesta osittain uudelleen: \u201djos sut haluan, tungen j\u00e4\u00e4t\u00e4 sun perseeseen\u201d lauloi koko baari tuon kertsin sattuessa kohdalle. Onpa Jet Set esiintynyt my\u00f6s sarjakuvissa Rieku ja Raiku kuten elokuvassa Kulman Pojat.<\/p>\n\n\n\n<p class=\"has-text-align-left has-headings-color has-text-color has-normal-font-size\">On selv\u00e4\u00e4, ett\u00e4 urheilun kautta on saavutettu suurin n\u00e4kyvyys niin paikallistasolla kuin valtakunnallisesti. Jet Set on ollut tukemassa joensuulaisia joukkueita aina perustamisestaan saakka. Jet Setiss\u00e4 on juhlittu erilaisia mestaruuksia vuosikymmenten saatossa moneen otteeseen pitk\u00e4\u00e4n ja hartaasti: Joensuun Mailan SM-kultaa, Katajan SM-kultaa, Jokipoikien Mestis-mestaruutta, erilaisia nousujuhlia ja puulaakimestaruuksia unohtamatta. Er\u00e4s Joensuun Mailan pelaaja totesi kultajuhlista, jotka oli jatkuneet jo useamman p\u00e4iv\u00e4n: \u201dJet Set ei pet\u00e4 koskaan\u201d pit\u00e4\u00e4 hyvin paikkaansa.<\/p>\n\n\n\n<p class=\"has-text-align-left has-headings-color has-text-color has-normal-font-size\">Jet Set on tullut my\u00f6s tunnetuksi kekseli\u00e4ist\u00e4 slouganeistaan, joista tunnetuin lienee: \u201dTaistelua kivenn\u00e4isvett\u00e4 vastaan jo vuodesta 1990\u201d. T\u00e4m\u00e4n tekstin lanseerasi vuoden 1992 syntt\u00e4ribileiss\u00e4 Pasi \u201dPlade\u201d Piipponen juontaessaan kyseiset juhlat. Lauseesta on tullut olennainen osa Jet Setti\u00e4. Ja onpa sit\u00e4 lainanneet jotkut muutkin Suomen baarit.<\/p>\n\n\n\n<p class=\"has-text-align-left has-headings-color has-text-color has-normal-font-size\">Jet Setin tarina etenee jo 4. vuosikymmenelle. Sen tarina on saavuttanut keski-i\u00e4n ja tullee varmasti jatkumaan viel\u00e4 pitk\u00e4\u00e4n. Sen p\u00e4ivitt\u00e4misest\u00e4 pit\u00e4v\u00e4t jatkossa huolen uudet yritt\u00e4j\u00e4t Pasi \u201dBase\u201d H\u00e4m\u00e4l\u00e4inen ja Jonne Soininen asiakkaineen. Tarinan p\u00e4ivitys heid\u00e4n vastuulle siirtyi perjantaina 21.5.2021.<\/p>\n","protected":false},"excerpt":{"rendered":"<p>Ajatus uudenlaisen keskiolutbaarin perustamisesta&nbsp;Joensuuhun l\u00e4hti kahden nuoren miehen ja kaveruksen yhteisest\u00e4 halusta tehd\u00e4 jotain kivaa. Nuo kaverukset olivat Eero &#8221;Eki&#8221; Lintunen ja Mika \u201dV\u00e4nni&#8221; V\u00e4h\u00e4niitty. &hellip;<\/p>\n","protected":false},"author":1,"featured_media":0,"parent":0,"menu_order":0,"comment_status":"closed","ping_status":"closed","template":"","meta":[],"_links":{"self":[{"href":"http:\/\/www.jetsetbar.fi\/index.php\/wp-json\/wp\/v2\/pages\/248"}],"collection":[{"href":"http:\/\/www.jetsetbar.fi\/index.php\/wp-json\/wp\/v2\/pages"}],"about":[{"href":"http:\/\/www.jetsetbar.fi\/index.php\/wp-json\/wp\/v2\/types\/page"}],"author":[{"embeddable":true,"href":"http:\/\/www.jetsetbar.fi\/index.php\/wp-json\/wp\/v2\/users\/1"}],"replies":[{"embeddable":true,"href":"http:\/\/www.jetsetbar.fi\/index.php\/wp-json\/wp\/v2\/comments?post=248"}],"version-history":[{"count":2,"href":"http:\/\/www.jetsetbar.fi\/index.php\/wp-json\/wp\/v2\/pages\/248\/revisions"}],"predecessor-version":[{"id":265,"href":"http:\/\/www.jetsetbar.fi\/index.php\/wp-json\/wp\/v2\/pages\/248\/revisions\/265"}],"wp:attachment":[{"href":"http:\/\/www.jetsetbar.fi\/index.php\/wp-json\/wp\/v2\/media?parent=248"}],"curies":[{"name":"wp","href":"https:\/\/api.w.org\/{rel}","templated":true}]}}